*o + 17, 0 = -j*o - 2. Calculate the greatest common factor of g and 42.
6
Let s(h) = 7*h + 215. Let l be s(-17). What is the highest common divisor of 160 and l?
32
Let o = 11 + -13. Let w be (-7 - o)/(2/(-2)). Let z = w - 4. What is the greatest common divisor of 5 and z?
1
Let z(r) = r**2 - 16*r + 20. Let k be z(13). Let t = k + 39. Calculate the highest common factor of t and 50.
10
Suppose 2*m = 24 - 16. Suppose -r = -m*r - i + 173, r - i - 51 = 0. Calculate the highest common factor of r and 16.
8
Let y(i) = 2*i**2 + 44*i - 147. Let f be y(-25). What is the greatest common divisor of 108 and f?
3
Suppose 4*v = 14*v - 1600. Suppose -n + h + 16 + 0 = 0, 2*n + h = 44. Calculate the greatest common factor of v and n.
20
Let m be (-1 + -26)*(-6 - (4 + -9)). Calculate the highest common factor of m and 2.
1
Let l(x) = -x**3 + 13*x**2 - 13*x + 7. Let b be l(12). Let v be (-10)/(-50) - 69/b. Suppose 5*n - 67 - 3 = 0. Calculate the greatest common factor of n and v.
14
Suppose 3*a - 86 = -5*k + 265, 351 = 3*a + k. Let p(w) = w**3 - 20*w**2 - 7*w + 149. Let d be p(20). What is the highest common factor of d and a?
9
Let t(o) = -1. Let w(y) = -5*y + 2. Let u(p) = 3*t(p) + w(p). Let x be u(-3). What is the greatest common factor of 7 and x?
7
Let q = -601 - -992. What is the greatest common factor of 23 and q?
23
Let u = 66 - 37. Let p be (-2 + 0)/(14/(-182)) - -3. Calculate the greatest common divisor of p and u.
29
Suppose -7*y = 49 + 182. Let p = 41 + y. What is the highest common factor of p and 2?
2
Let m(a) = -2*a**2 - 36*a - 81. Let u be m(-6). Calculate the greatest common factor of u and 140.
7
Let n(o) = o**3 - 22*o**2 + 28*o + 59. Let m be n(21). Calculate the greatest common factor of 103 and m.
103
Let a(t) = t**3 - 4*t**2 - t - 1. Let v be a(6). Let x = -262 - -267. Calculate the greatest common factor of x and v.
5
Let d be 8*-1*6/(-4). Suppose 2*c - 8*c - 71*c = -308. Calculate the highest common divisor of d and c.
4
Suppose 0 = 5*f + 5*x + 105, -3*f - 2*x = f + 78. Let k = f - -20. Calculate the greatest common divisor of k and 2.
2
Let w be ((-1394)/4)/(1*1/(-2)). Calculate the highest common divisor of w and 41.
41
Let p be (10/(-1))/((-4)/10). Let g be 2/7 + 6534/63 + -4. What is the greatest common divisor of g and p?
25
Let f(u) = -2*u**3 + 3*u. Let l be f(2). Let p = l + 38. What is the greatest common factor of p and 196?
28
Let t be (-43)/172 + (-5)/(-4). Let g be (2/2)/((-2)/(-8)). Calculate the highest common divisor of t and g.
1
Let i = 253 - 119. Suppose -4*p + i = 3*s - 14, 111 = 3*p - s. Calculate the greatest common factor of 296 and p.
37
Let j(o) = -o**3 - 37*o**2 - 331*o + 22. Let i be j(-15). Let g = 86 - -25. Calculate the greatest common factor of i and g.
37
Let m be ((-26)/8)/((-2)/8). Suppose -3*p - 15 = 0, -4*p + 109 = 2*h + 25. What is the highest common divisor of h and m?
13
Let q be (-3 + 14)/(1 + 0). Suppose 349 = q*i + 85. What is the highest common factor of i and 48?
24
Suppose 3*b + b - 3*f = 18, 0 = -2*f + 4. Suppose -b*s + 11 + 73 = 0. Let y be -1 + 9 + (-3 - -2). Calculate the greatest common factor of s and y.
7
Suppose -b = 4, -29*b + 28*b - 1 = 3*a. Suppose 3*g = 2*c + c - 12, c + g = 0. Calculate the greatest common divisor of c and a.
1
Suppose -2*v = 3*v - 10. Let o be (-45)/(-30) + 1/v. Let c = 12 - -2. Calculate the greatest common factor of c and o.
2
Suppose -2*j = 5*f - 17 - 29, -3*j + 41 = 4*f. Suppose 0 = s - f - 13. Calculate the greatest common divisor of 7 and s.
7
Let k(x) = 13*x**2 + 32*x + 185. Let g be k(-9). What is the highest common divisor of g and 5?
5
Let y = 574 - 418. Calculate the greatest common factor of y and 84.
12
Let u(m) = 2*m - 7*m + 10*m + 13*m. Let h be u(5). Suppose 0 = -2*a + 4*a - 36. What is the highest common divisor of h and a?
18
Let l be (6 - (-7 - -6)) + -2 + 6. Calculate the greatest common factor of 44 and l.
11
Let t(k) = -k + 34. Let o be t(-10). Calculate the greatest common factor of o and 33.
11
Let c(d) be the second derivative of -d**5/20 + 4*d**4/3 - 19*d**3/6 - 8*d**2 - 15*d. Let o be c(14). What is the greatest common factor of 10 and o?
10
Let p(w) be the first derivative of -w**3/3 + 11*w**2/2 - 17*w + 13. Let c be p(9). Let t be (1 - (-8)/(-6))*-9. What is the highest common divisor of t and c?
1
Let y = 86 - 31. What is the greatest common divisor of y and 5?
5
Suppose 865 = -23*r + 28*r. Suppose -3*z + 145 = -3*p - r, 310 = 3*z + 5*p. What is the greatest common factor of 42 and z?
21
Let p = -31 - -36. Suppose -4*v + 3*v + 1 = 0, -p*u + v = 176. Let w = u + 38. What is the highest common factor of w and 21?
3
Suppose 0 = -18*q - 215 + 2213. Calculate the greatest common divisor of 555 and q.
111
Suppose -5*l + 90 = -0*l. Suppose -r + 7*r = 1188. Calculate the greatest common factor of r and l.
18
Let v be ((-320)/(-48) - 4)*6/8. Suppose -5*y + 3*f - 4 = 0, 3*y = -4*f + 5 + 10. What is the greatest common factor of v and y?
1
Suppose 7*k - 2*h - 398 = 2*k, 292 = 4*k + 5*h. Suppose 5*f - k = 582. Calculate the highest common divisor of f and 12.
12
Suppose -i + 9*l + 206 = 10*l, 5*l - 823 = -4*i. Calculate the greatest common factor of 9 and i.
9
Suppose 5*y + 17 = -3*k, 0*k - k - y - 5 = 0. Let a(w) = -w + 4. Let i be a(k). Calculate the greatest common factor of 32 and i.
8
Let c(x) = -x**2 - 8*x + 11. Let v be c(-9). Let r be v*(2 + 4 + 1). Calculate the highest common factor of r and 126.
14
Let q(k) = k**2 + 7*k - 57. Let j be q(-12). What is the highest common divisor of 11 and j?
1
Let u(y) = -y**3 - 15 + 10*y + 2*y**3 - 9*y**2 + 6. Suppose 2*r = 14 + 2. Let i be u(r). What is the highest common divisor of i and 21?
7
Suppose -5*o + 613 = 2*u, 2*o = 3*u + 178 + 52. Suppose o = 3*r - 4*g, -2*g + 23 + 39 = 2*r. What is the highest common divisor of 7 and r?
7
Let l = -2 + 6. Let m = 70 - -65. Suppose m = -3*s + l*s. Calculate the highest common factor of 15 and s.
15
Suppose 2*r + 25 = 3*t + 2*t, -14 = 2*t + 4*r. Suppose p = -t*p + 72. What is the highest common divisor of 54 and p?
18
Suppose 4*p - 4 - 12 = 0. Suppose -420 = -8*n - p*n. Calculate the greatest common factor of 35 and n.
35
Let h = -113 - -123. Suppose -11 - 14 = -5*u. Calculate the highest common divisor of u and h.
5
Let r be 21/35*430/2. Suppose -4*k - r = 3*v, 5*k - k = v - 117. Let a be (-14)/(-21)*k/(-4). Calculate the greatest common factor of a and 20.
5
Let b = 5 + -2. Suppose -5*d - 2 = -3*j, -b*j + d = -5*j + 10. Suppose -j*k + 101 = g - 0*g, 3*g + 97 = 4*k. Calculate the highest common factor of 10 and k.
5
Suppose 6 = 2*a - a. Let u be (-10 + -71)/(a/(-16)). Suppose -4*x - u = -8*x. What is the highest common factor of x and 27?
27
Suppose 1963*m - 1967*m = -120. Calculate the greatest common factor of 90 and m.
30
Suppose 41*i - 31*i - 300 = 0. Calculate the highest common divisor of 18 and i.
6
Let w(z) = z**3 + 23*z**2 - 15*z + 252. Let n be w(-24). Calculate the greatest common divisor of n and 90.
18
Let y(v) = v**3 + 25*v**2 - 24*v + 55. Let d be y(-26). Let w be 4 + 5 + -1 - d. Calculate the greatest common factor of 40 and w.
5
Let q be (-90)/12*(-16)/5. Suppose -4*k - 28 = -2*u + 36, 3*k = -5*u + 108. What is the greatest common divisor of q and u?
24
Let d(m) = 4*m - 24. Let g be d(15). Calculate the greatest common factor of 48 and g.
12
Suppose 5*v + 3 = 2*v, 3*q - 775 = -5*v. Let a = 0 - -4. Suppose -4*o + 5*n = -179, a*o - q = -o - n. What is the greatest common divisor of 17 and o?
17
Let t(c) = 2*c**2 - 29*c - 65. Let u be t(21). Calculate the highest common factor of u and 32.
16
Suppose -8*v + 54 = -2*v. Let m be (-324)/(-15) + (-3)/5. Let r be 6/21 - (-939)/m. What is the highest common divisor of v and r?
9
Let f be 861/6 + (-2)/(-4). Let w = f + -60. Let s = 79 - 67. Calculate the highest common factor of s and w.
12
Let s = 6 + -3. Let l(g) = 7*g + 3. Let m be l(2). Suppose -s*h - m = -3*f + f, -2*f - 2*h = -32. What is the highest common factor of f and 52?
13
Let j = -12 - -15. Suppose j*u - 14 = -k + 5, 20 = 4*u. Suppose 3*x + 2*x = 5, -2*f + k*x + 84 = 0. Calculate the highest common divisor of f and 4.
4
Let k = 5 + -24. Let j = k + 20. Let d be j*-7*(0 - 2). What is the highest common factor of d and 112?
14
Let d(m